3, -8 - 1 = -3*s - 2*a. Let g(q) = -q**3 - 3 + 6 - 11*q**2 + 3*q**3 - q**s + q. Is g(11) prime?
False
Suppose -2*h - 3*h + 248 = -4*m, -m - 2 = 0. Let q = h - -24. Is 7438/18 + (-16)/q composite?
True
Let s = 4067 + 629. Let g = -2577 + s. Is g a composite number?
True
Suppose 5*q - 4*c - 12758 = 0, q = -q - 5*c + 5123. Is q prime?
False
Suppose 0*y - 29 = -4*s - y, 4*s - 34 = -2*y. Is 8/s*96 - 1 a composite number?
False
Suppose 3790 = -4*q - 2838. Let m = 3416 + q. Is m prime?
True
Let z = -936 - -2447. Is z a composite number?
False
Let s(t) = 28*t**2 + 8*t + 5. Let q be s(4). Suppose 6*w - w + q = 0. Let y = 254 + w. Is y a prime number?
True
Let n = 14313 - 9986. Is n a composite number?
False
Suppose 6*m = 10*m. Suppose m = 12*w - 14*w + 314. Is w a prime number?
True
Suppose -1747 = -17*v + 5563. Let h = 669 - v. Is h a prime number?
True
Let n = 26 + -23. Is 5*((-1182)/(-15) - n) composite?
False
Suppose 0 = 3*u + 2*m + 2*m - 4469, 2*m = 5*u - 7457. Suppose 2*w = -s + 4*w + u, 5*s = 2*w + 7487. Is s a composite number?
False
Suppose -14*i + 11*i = -50763. Is i a composite number?
False
Suppose -4*t = -4*p + p - 266, 4*p + 3*t + 313 = 0. Suppose s - 257 = 132. Let u = s + p. Is u a prime number?
True
Suppose 3*c = p - 30730, 7*p - 122905 = 3*p - 3*c. Is p composite?
False
Let z be 8/36 - (-79)/9. Let g(t) = t**2 - 4*t + 4. Is g(z) a composite number?
True
Suppose 9*y - 39*y = -9930. Is y prime?
True
Let a = 94 + -87. Suppose 12*b - 5815 = a*b. Is b prime?
True
Suppose -5*h + 4*w - 497 = 0, 386 = -4*h - 5*w - 28. Let m = h - -142. Is (10 - (-1 + 4))*m a composite number?
True
Let i = -19 + 43. Is ((-1784)/i)/((-2)/6) a composite number?
False
Is (0 - (-14)/(-6))*(-1081 + 4) a prime number?
False
Let o(u) = -3*u - 34. Let q be o(-11). Is ((-92)/(-6 + 10))/(q/7) a prime number?
False
Let c = -6 - -7. Let n(g) = 2 + c + 28*g**2 + 0 - g - 2. Is n(-2) a composite number?
True
Suppose -2*v + 3*b + 39343 = 0, 1650 = 5*v + b - 96682. Is v a prime number?
False
Suppose 0 = 6*x - 308 + 14. Suppose x*h = 48*h + 751. Is h prime?
True
Suppose 4*k + 16 = 4*w - 3*w, 0 = 4*w + k + 4. Let m be ((-4)/3)/((-2)/51). Suppose o - m - 60 = w. Is o a composite number?
True
Is 42539/12 - 28/(-336) prime?
False
Suppose -20*u + 15*u = 123265. Let n = -13638 - u. Is n prime?
False
Let b be -5703 - (4 + (-1)/1). Let g = -3277 - b. Is g composite?
True
Suppose -2*k + 402 + 1580 = 0. Suppose 0 = b + v - 301, -2*v + 103 - k = -3*b. Is b composite?
True
Suppose -19*z = -13*z - 1386. Suppose 0 = r + 96 - 26. Let g = z + r. Is g a composite number?
True
Suppose 4*m + 11 = v, 2*v - 22 = 5*m - 2*v. Let z be 1/((-3)/42*m). Suppose -3*u = -z*u + 808. Is u prime?
False
Let b(h) = 11 + 3*h + 0*h + 2*h + h**2. Let g be (-1)/((-10)/(-6)) + (-2703)/(-255). Is b(g) a prime number?
False
Let c = 1332 + 1259. Is c composite?
False
Suppose 5*o = 304 + 471. Suppose -i - 3*p = -1, 0*i = -3*i + 4*p + 16. Suppose -i*f + o = f. Is f prime?
True
Let k(d) = -190 + 201 + 7*d + 8*d. Let o(l) = -l**3 - 3*l**2 + 2*l + 2. Let j be o(-4). Is k(j) a composite number?
True
Suppose -2*n = 2*n. Suppose c - 62 = -n*c. Suppose 4*s = -y + 31, -2*y + 3*s + c = -0. Is y composite?
False
Suppose 3*a - 5544 = -3*v, 9235 = -4*v + 9*v + 4*a. Is v a composite number?
True
Suppose -70*x - 2553 = -73*x. Is x a composite number?
True
Let t(y) = 250*y**3 + y**2 + 3*y + 2. Let m be t(-1). Let x = 591 + m. Is x composite?
True
Suppose 5*s - 45623 = 4*r, 2*s + 4*r - 45647 = -3*s. Is s a composite number?
False
Suppose -4*v = 408 + 388. Let w = v + 462. Is w composite?
False
Let b(q) = 2*q**2 + 23*q - 6. Let p be b(-17). Suppose -5*a + 3*s + 347 = 0, -4*a - 5*s + p = -a. Is a prime?
True
Let a(m) = -77*m**2 - 8*m + 15. Let g be a(6). Let l = -1876 - g. Is l a composite number?
False
Suppose -4*x = 3*z + x - 4, -4*x + 5 = 3*z. Suppose 2*b + 7645 = 5*u, 4*b = z*u - 1754 - 2819. Is u prime?
True
Is ((-1)/(-4))/((-158)/(-4827848)) prime?
True
Let p(z) = 6*z**3 + 2*z**2 + 2*z - 2. Let t be p(-2). Let f be t/(-14) - (-2)/(-7). Suppose 77 = 2*o + f*n, n = 4*o - 2*n - 145. Is o prime?
True
Let q be (5/15)/((-1)/(-6)). Suppose -4*g + 5*l + 4804 = -0*g, q*g - 2432 = -5*l. Suppose 6*k - 372 = g. Is k prime?
True
Let u be 18/(-8) + (-1)/(-4). Let h be u*3/2 - -3. Suppose 2*y = -h*y + 370. Is y composite?
True
Is (-2 - 32/(-14)) + (-1197786)/(-238) a prime number?
False
Let i(n) = n**2 + 11*n + 4. Let c(r) = r**2 + r + 1. Let d(a) = c(a) + i(a). Suppose -4*y - 42 = -6. Is d(y) composite?
False
Suppose 76865 = -10*q + 15*q. Is q composite?
False
Let r = 5013 + -7216. Let j = -1250 - r. Is j a composite number?
False
Suppose r + 4*x - 61833 = 0, -4*r = -3*r - 4*x - 61793. Is r a composite number?
False
Let u be -4 + (-467 - 0)*3. Let f = -320 - u. Suppose -f = -5*p + 2*b, -p - 3*p + 840 = 4*b. Is p composite?
True
Let a be 125/(-3) - 24/(-36). Suppose -4*y - 799 = 1073. Let g = a - y. Is g a composite number?
True
Suppose -4 - 4 = -2*s, -3*s + 2822 = 5*c. Let q = 553 + c. Is q prime?
False
Let i(n) be the first derivative of -n + 58/3*n**3 - n**2 + 6. Is i(-1) prime?
True
Suppose 3*k + 0*k = 15. Suppose m + 5*c = 2*m - 36, m = -k*c + 6. Is m a composite number?
True
Suppose -24*j = -31545 - 84399. Is j a composite number?
False
Suppose -2*l - 11 = -107. Suppose l = -5*a + o + 160, -5*a + 103 = -4*o. Is a composite?
False
Let m = 177 + 13. Let w = m + -1029. Let s = -500 - w. Is s a composite number?
True
Is (-22872)/8*(-4)/12 prime?
True
Let a(f) = -36*f**3 - 6*f**2 - 37*f - 3. Is a(-8) composite?
False
Let b(i) = -i**3 + 15*i**2 - i + 13. Let t be b(15). Is (83/2)/((-1)/t) a prime number?
True
Let s = 3690 + 5419. Is s a composite number?
False
Let o(v) = -18*v**3 - 3*v**2 - 18*v - 13. Is o(-4) a prime number?
True
Is 0 + -1 - (-1824)/(1 + 0) a composite number?
False
Let u be (-21426)/(-10) + 0 + 3/(-5). Suppose 0 = -2*g - 5*d + u, d = 4*g - d - 4236. Is g composite?
False
Let v be (-2 + 81)/((-8)/16). Let q = -85 - v. Let y = q + -39. Is y a composite number?
True
Suppose -50*w - 33504 + 1420654 = 0. Is w a composite number?
False
Let g(n) = -9*n**3 - 4*n**2 - 3*n - 6. Let u be g(-4). Let b = u + 227. Is b prime?
False
Let m(i) = -6*i**2 - i. Let g(k) = -5*k**2. Let s(l) = 2*g(l) - 3*m(l). Let y(n) = -3*n + 25. Let a be y(10). Is s(a) a prime number?
False
Is -346*(53/(-6) + 18/54) a composite number?
True
Suppose -21196 - 80042 = -6*u. Is u a prime number?
False
Let i be (6/3 + -1)*30. Let w be (1 - 3)/((-20)/i). Suppose 2*y + 314 = -5*z + 7*z, 0 = w*y - 12. Is z a prime number?
False
Let k(n) = n**2 + 3*n. Let v be k(-4). Let u be ((-92)/16)/1*-4. Suppose u + 1461 = v*s. Is s a composite number?
True
Suppose 3*j + 780 = 2085. Suppose -5*l = -6*l + j. Let v = l - 244. Is v a composite number?
False
Suppose 3*b - 2*b = -5*p + 2, 2*b + 5*p = 4. Suppose 0 = -3*q + a + 3577, 6*q + b*a = 3*q + 3583. Is q a prime number?
True
Is 2/8 - (12 + (-287975)/20) composite?
False
Let o be 6/5*90/4. Let u = 48 - o. Is u composite?
True
Let g(m) = -55*m + 3. Let f(s) = 27*s - 2. Let r(y) = -10*f(y) - 6*g(y). Suppose 3*d + p = 3*p - 7, 0 = 5*p - 25. Is r(d) a composite number?
True
Let b(w) = -w**2 + 18*w - 6. Let v(j) = j**2 - 17*j + 5. Let t(r) = 5*b(r) + 4*v(r). Suppose 50 = 3*a + 17. Is t(a) a composite number?
True
Let l = 23 - 32. Let f(d) = -d - 11. Let k be f(l). Let r = 33 + k. Is r prime?
True
Let v(z) = -z**2 + 5*z + 6. Let s be v(6). Suppose -6*x = -s*x - 186. Is x a prime number?
True
Let d be 57 - 12/(3 + -7). Let s = d + -17. Is s a prime number?
True
Suppose 0 = -2*k + 4. Suppose 2*b = 8, 2*y - b - 836 = -k*y. Suppose -2*u = -6*u + 2*j + 182, -5*u = j - y. Is u prime?
True
Is 8/(-10) - 56649/(-5) prime?
True
Let z be (1 - 5) + 1 - -390. Let i = z + -150. Is i composite?
True
Suppose 4*q + 4*m - 32700 = 15868, 5*q - 60740 = m. Is q a composite number?
True
Let u(n) = 12*n**2 + 2. Let c(v) = -4*v**2 - 1. Let f(k) = 8*c(k) + 3*u(k). Let s be f(2). Is (-1949)/(-3) + s/(-21) composite?
True
Suppose 0 = 4*z - 17126 + 3082. Is z composite?
False
Suppose 0 = 3*f + 2*f + 2840. Let y = f - -1715. Is y a composite number?
True
Let q(k) = -49*k + 2. Suppose -5*i + 0*i = 0. Let z = i + -5. Is q(z) prime?
False
Suppose -12 = -3*o - u, 3*u =